
False
Is 1241 a composite number?
True
Is 562231 composite?
False
Is 28745 composite?
True
Is 70561 composite?
True
Is 197567 a composite number?
False
Is 24974 a prime number?
False
Is 26171 a composite number?
False
Is 1847 prime?
True
Is 839 composite?
False
Is 10183 a prime number?
False
Is 78157 composite?
False
Is 570709 a composite number?
True
Is 4861 prime?
True
Is 652831 prime?
True
Is 12603 a composite number?
True
Is 18973 prime?
True
Is 139147 a prime number?
False
Is 513563 a prime number?
False
Is 24658 composite?
True
Is 253081 a prime number?
True
Is 96037 a prime number?
False
Is 11015 a composite number?
True
Is 3313 composite?
False
Is 1589 composite?
True
Is 8698 a composite number?
True
Is 15943 composite?
True
Is 186619 prime?
True
Is 75401 prime?
True
Is 2664745 composite?
True
Is 17707 composite?
False
Is 169457 prime?
True
Is 31643 prime?
True
Is 284957 a composite number?
False
Is 89389 a prime number?
False
Is 15185 prime?
False
Is 1387 composite?
True
Is 188999 composite?
False
Is 86261 prime?
False
Is 911 a composite number?
False
Is 13391 a prime number?
False
Is 1227 a composite number?
True
Is 12451 a composite number?
False
Is 11294 a prime number?
False
Is 389491 a composite number?
True
Is 24689 prime?
False
Is 366329 a composite number?
False
Is 1837 prime?
False
Is 69313 prime?
True
Is 40693 a prime number?
True
Is 3163 a composite number?
False
Is 130423 a composite number?
False
Is 671 prime?
False
Is 1818769 a prime number?
True
Is 25439 a composite number?
False
Is 6491 a prime number?
True
Is 6463 prime?
False
Is 8111 a prime number?
True
Is 12671 a composite number?
False
Is 79031 a composite number?
False
Is 746831 prime?
False
Is 15661 a prime number?
True
Is 281161 a composite number?
True
Is 212057 composite?
False
Is 1381687 prime?
False
Is 317 composite?
False
Is 430081 composite?
False
Is 25131 a composite number?
True
Is 36953 a prime number?
False
Is 34319 a prime number?
True
Is 3035 composite?
True
Is 213203 composite?
False
Is 11213 a composite number?
False
Is 19042 a composite number?
True
Is 303965 a prime number?
False
Is 537049 a composite number?
True
Is 52361 composite?
False
Is 8263 composite?
False
Is 17041 prime?
True
Is 764261 prime?
True
Is 56807 composite?
False
Is 7903 a prime number?
False
Is 52963 a composite number?
False
Is 2807 prime?
False
Is 86197 a composite number?
False
Is 36415 composite?
True
Is 3623 a prime number?
True
Is 10807 a prime number?
False
Is 264289 a prime number?
True
Is 351551 composite?
False
Is 9347 prime?
False
Is 839 prime?
True
Is 41663 prime?
False
Is 638395 a composite number?
True
Is 86677 prime?
True
Is 103543 composite?
True
Is 156245 prime?
False
Is 170069 composite?
True
Is 84857 composite?
False
Is 13073 a prime number?
False
Is 81919 a prime number?
True
Is 72299 a prime number?
False
Is 122497 prime?
True
Is 15547 composite?
True
Is 27539 prime?
True
Is 29005 a composite number?
True
Is 62993 composite?
True
Is 21677 composite?
True
Is 80441 prime?
False
Is 112327 prime?
True
Is 598303 a composite number?
False
Is 6941 a prime number?
False
Is 23741 a composite number?
False
Is 397 prime?
True
Is 9221 a composite number?
False
Is 82939 composite?
False
Is 2971 a prime number?
True
Is 81509 a composite number?
False
Is 13303 composite?
True
Is 9533 prime?
True
Is 78483 prime?
False
Is 11303 prime?
False
Is 2956547 a prime number?
False
Is 6683 prime?
False
Is 50019 composite?
True
Is 43777 composite?
False
Is 1148585 prime?
False
Is 151591 a prime number?
False
Is 56741 a prime number?
False
Is 26471 a prime number?
False
Is 23771 a composite number?
True
Is 921 a composite number?
True
Is 73685 a composite number?
True
Is 4327 prime?
True
Is 391 composite?
True
Is 53335 prime?
False
Is 23983 composite?
True
Is 4463 prime?
True
Is 96643 prime?
True
Is 3641 composite?
True
Is 51449 prime?
True
Is 4511 prime?
False
Is 1181 prime?
True
Is 1117 a composite number?
False
Is 153689 composite?
False
Is 7063 composite?
True
Is 25294 a composite number?
True
Is 3013 a composite number?
True
Is 74819 composite?
True
Is 986903 prime?
True
Is 184881 a prime number?
False
Is 96109 a composite number?
True
Is 7901 a prime number?
True
Is 546751 a prime number?
False
Is 2064247 a composite number?
False
Is 17657 prime?
True
Is 8923 a composite number?
False
Is 1991351 a composite number?
False
Is 6521 composite?
False
Is 1848151 a composite number?
False
Is 8147 composite?
False
Is 8717 a prime number?
False
Is 167791 composite?
True
Is 11246 a composite number?
True
Is 129742 prime?
False
Is 5273 prime?
True
Is 10973 prime?
True
Is 73111 a prime number?
False
Is 12203 composite?
False
Is 487077 a composite number?
True
Is 7153 a composite number?
True
Is 11614 composite?
True
Is 2271 composite?
True
Is 199309 a prime number?
False
Is 788849 a prime number?
True
Is 41731 prime?
False
Is 62819 composite?
False
Is 50801 composite?
True
Is 44615 a composite number?
True
Is 1901857 a composite number?
False
Is 41399 prime?
True
Is 253039 a composite number?
True
Is 23431 a prime number?
True
Is 49331 a prime number?
True
Is 211399 a prime number?
False
Is 207749 a composite number?
True
Is 47459 composite?
False
Is 18191 composite?
False
Is 16057 a prime number?
True
Is 737 a prime number?
False
Is 9113 a prime number?
False
Is 331009 composite?
True
Is 2777 prime?
True
Is 6158 a composite number?
True
Is 1409631 prime?
False
Is 154634 composite?
True
Is 566617 prime?
True
Is 4103 prime?
False
Is 155269 prime?
True
Is 10123 a composite number?
True
Is 32503 a composite number?
False
Is 5403 a prime number?
False
Is 2711407 composite?
True
Is 1019 a prime number?
True
Is 382 a composite number?
True
Is 7247 a composite number?
False
Is 287753 a prime number?
False
Is 103231 prime?
True
Is 69767 prime?
True
Is 54923 composite?
True
Is 97073 prime?
True
Is 141761 a composite number?
False
Is 13309 prime?
True
Is 266507 prime?
False
Is 28058 a composite number?
True
Is 85793 composite?
False
Is 242257 a composite number?
False
Is 359231 a prime number?
True
Is 91621 composite?
False
Is 389 a prime number?
True
Is 76561 a composite number?
False
Is 711037 a prime number?
False
Is 12499 a composite number?
True
Is 65407 a composite number?
False
Is 6599 a prime number?
True
Is 23549 a prime number?
True
Is 6145 a composite number?
True
Is 29459 a composite number?
True
Is 370583 a prime number?
False
Is 131609 a prime number?
False
Is 64063 prime?
True
Is 1334771 prime?
True
Is 365633 composite?
True
Is 293 a composite number?
False
Is 7477 a prime number?
True
Is 12151 composite?
True
Is 3793 a composite number?
False
Is 276557 prime?
True
Is 30146 a composite number?
True
Is 60589 composite?
False
Is 12097 prime?
True
Is 883483 a composite number?
False
Is 81383 prime?
False
Is 19835 prime?
False
Is 14143 a composite number?
False
Is 563 prime?
True
Is 13001 a prime number?
True
Is 69077 a composite number?
True
Is 292745 composite?
True
Is 18247 a prime number?
False
Is 59333 a composite number?
False
Is 65353 a composite number?
False
Is 24469 prime?
True
Is 58529 a prime number?
False
Is 37079 a composite number?
True
Is 175601 a composite number?
False
Is 578353 a composite number?
False
Is 215221 composite?
True
Is 58363 a composite number?
False
Is 33727 prime?
False
Is 24139 a composite number?
True
Is 134021 a composite number?
True
Is 1492043 a composite number?
True
Is 1914043 a prime number?
True
Is 87393 prime?
False
Is 4546397 a prime number?
True
Is 374977 composite?
False
Is 1014359 prime?
True
Is 133 prime?
False
Is 3277 prime?
False
Is 24691 a prime number?
True
Is 134947 a composite number?
False
Is 69677 composite?
False
Is 193277 a composite number?
True
Is 4007 composite?
False
Is 2537 prime?
False
Is 562163 prime?
False
Is 158089 a composite number?
True
Is 382021 a prime number?
True
Is 21309 composite?
True
Is 307 prime?
True
Is 152015 a prime number?
False
Is 307609 a composite number?
False
Is 4073 composite?
False
Is 367597 a composite number?
False
Is 110963 composite?
True
Is 16021 composite?
True
Is 23189 composite?
False
Is 453853 composite?
True
Is 6623 a composite number?
True
Is 43867 composite?
False
Is 31 a prime nu